{"id":18106,"date":"2025-04-13T11:32:45","date_gmt":"2025-04-13T10:32:45","guid":{"rendered":"https:\/\/www.musee-filature.com\/site\/?post_type=product&#038;p=18106"},"modified":"2025-12-07T20:06:49","modified_gmt":"2025-12-07T19:06:49","slug":"jacob-cardee-n8","status":"publish","type":"product","link":"https:\/\/www.musee-filature.com\/site\/shop\/jacob-cardee-n8\/","title":{"rendered":"Jacob card\u00e9e n\u00b008"},"content":{"rendered":"<p><strong>Laine rustique multicolore de brebis jacob sur des tons \u00e9meraudes.<\/strong><\/p>\n<p>&nbsp;<\/p>\n<p>&nbsp;<\/p>\n<p><strong>Qualit\u00e9s au feutrage : Facile \u00e0 travailler.<br \/>\n<strong>Le rendu est souple m\u00eame si le feutre est pouss\u00e9 au bout.<\/strong><br \/>\n<strong>Le feutre obtenu poss\u00e8de un l\u00e9ger rendu cr\u00eapu ondul\u00e9 qui lui donne un certain charme, il est relativement doux mais peut \u201cgratter\u201d les peaux fines les plus sensibles s\u2019il est proche du cou par exemple.<\/strong><\/strong><\/p>\n<p><strong>Usages possibles en feutre : Cette laine est parfaite pour des chapeaux, des vestes, des gilets, \u2026 des confections n\u00e9cessitant de la souplesse et solidit\u00e9.<\/strong><\/p>\n","protected":false},"excerpt":{"rendered":"<p>Laine rustique multicolore de brebis jacob sur des tons \u00e9meraudes. &nbsp; &nbsp; Qualit\u00e9s au feutrage : Facile \u00e0 travailler. Le rendu est souple m\u00eame si le feutre est pouss\u00e9 au bout. Le feutre obtenu poss\u00e8de un l\u00e9ger rendu cr\u00eapu ondul\u00e9 qui lui donne un certain charme, il est relativement doux mais peut \u201cgratter\u201d les peaux&#8230;  <a class=\"excerpt-read-more\" href=\"https:\/\/www.musee-filature.com\/site\/shop\/jacob-cardee-n8\/\" title=\"ReadJacob card\u00e9e n\u00b008\">Read more &raquo;<\/a><\/p>\n","protected":false},"featured_media":18110,"template":"","meta":{"_acf_changed":false,"jetpack_publicize_message":"","jetpack_publicize_feature_enabled":true,"jetpack_social_post_already_shared":true,"jetpack_social_options":{"image_generator_settings":{"template":"highway","default_image_id":0,"font":"","enabled":false},"version":2}},"product_brand":[],"product_cat":[132],"product_tag":[131],"class_list":{"0":"post-18106","1":"product","2":"type-product","3":"status-publish","4":"has-post-thumbnail","6":"product_cat-laine-cardee-jacob","7":"product_tag-laine-francaise","9":"first","10":"instock","11":"sold-individually","12":"shipping-taxable","13":"purchasable","14":"product-type-variable"},"acf":[],"yoast_head":"<!-- This site is optimized with the Yoast SEO plugin v26.6 - https:\/\/yoast.com\/wordpress\/plugins\/seo\/ -->\n<title>Jacob card\u00e9e n\u00b008 - Musee Filature<\/title>\n<meta name=\"robots\" content=\"index, follow, max-snippet:-1, max-image-preview:large, max-video-preview:-1\" \/>\n<link rel=\"canonical\" href=\"https:\/\/www.musee-filature.com\/site\/shop\/jacob-cardee-n8\/\" \/>\n<meta property=\"og:locale\" content=\"fr_FR\" \/>\n<meta property=\"og:type\" content=\"article\" \/>\n<meta property=\"og:title\" content=\"Jacob card\u00e9e n\u00b008 - Musee Filature\" \/>\n<meta property=\"og:description\" content=\"Laine rustique multicolore de brebis jacob sur des tons \u00e9meraudes. &nbsp; &nbsp; Qualit\u00e9s au feutrage : Facile \u00e0 travailler. Le rendu est souple m\u00eame si le feutre est pouss\u00e9 au bout. Le feutre obtenu poss\u00e8de un l\u00e9ger rendu cr\u00eapu ondul\u00e9 qui lui donne un certain charme, il est relativement doux mais peut \u201cgratter\u201d les peaux... Read more &raquo;\" \/>\n<meta property=\"og:url\" content=\"https:\/\/www.musee-filature.com\/site\/shop\/jacob-cardee-n8\/\" \/>\n<meta property=\"og:site_name\" content=\"Musee Filature\" \/>\n<meta property=\"article:modified_time\" content=\"2025-12-07T19:06:49+00:00\" \/>\n<meta property=\"og:image\" content=\"https:\/\/www.musee-filature.com\/site\/wp-content\/uploads\/2025\/04\/jacob-08-3.jpg\" \/>\n\t<meta property=\"og:image:width\" content=\"640\" \/>\n\t<meta property=\"og:image:height\" content=\"480\" \/>\n\t<meta property=\"og:image:type\" content=\"image\/jpeg\" \/>\n<meta name=\"twitter:card\" content=\"summary_large_image\" \/>\n<meta name=\"twitter:label1\" content=\"Dur\u00e9e de lecture estim\u00e9e\" \/>\n\t<meta name=\"twitter:data1\" content=\"1 minute\" \/>\n<script type=\"application\/ld+json\" class=\"yoast-schema-graph\">{\"@context\":\"https:\/\/schema.org\",\"@graph\":[{\"@type\":\"WebPage\",\"@id\":\"https:\/\/www.musee-filature.com\/site\/shop\/jacob-cardee-n8\/\",\"url\":\"https:\/\/www.musee-filature.com\/site\/shop\/jacob-cardee-n8\/\",\"name\":\"Jacob card\u00e9e n\u00b008 - Musee Filature\",\"isPartOf\":{\"@id\":\"https:\/\/www.musee-filature.com\/site\/#website\"},\"primaryImageOfPage\":{\"@id\":\"https:\/\/www.musee-filature.com\/site\/shop\/jacob-cardee-n8\/#primaryimage\"},\"image\":{\"@id\":\"https:\/\/www.musee-filature.com\/site\/shop\/jacob-cardee-n8\/#primaryimage\"},\"thumbnailUrl\":\"https:\/\/www.musee-filature.com\/site\/wp-content\/uploads\/2025\/04\/jacob-08-3.jpg\",\"datePublished\":\"2025-04-13T10:32:45+00:00\",\"dateModified\":\"2025-12-07T19:06:49+00:00\",\"breadcrumb\":{\"@id\":\"https:\/\/www.musee-filature.com\/site\/shop\/jacob-cardee-n8\/#breadcrumb\"},\"inLanguage\":\"fr-FR\",\"potentialAction\":[{\"@type\":\"ReadAction\",\"target\":[\"https:\/\/www.musee-filature.com\/site\/shop\/jacob-cardee-n8\/\"]}]},{\"@type\":\"ImageObject\",\"inLanguage\":\"fr-FR\",\"@id\":\"https:\/\/www.musee-filature.com\/site\/shop\/jacob-cardee-n8\/#primaryimage\",\"url\":\"https:\/\/www.musee-filature.com\/site\/wp-content\/uploads\/2025\/04\/jacob-08-3.jpg\",\"contentUrl\":\"https:\/\/www.musee-filature.com\/site\/wp-content\/uploads\/2025\/04\/jacob-08-3.jpg\",\"width\":640,\"height\":480},{\"@type\":\"BreadcrumbList\",\"@id\":\"https:\/\/www.musee-filature.com\/site\/shop\/jacob-cardee-n8\/#breadcrumb\",\"itemListElement\":[{\"@type\":\"ListItem\",\"position\":1,\"name\":\"Accueil\",\"item\":\"https:\/\/www.musee-filature.com\/site\/\"},{\"@type\":\"ListItem\",\"position\":2,\"name\":\"Boutique de vente de laine\",\"item\":\"https:\/\/www.musee-filature.com\/site\/\"},{\"@type\":\"ListItem\",\"position\":3,\"name\":\"Jacob card\u00e9e n\u00b008\"}]},{\"@type\":\"WebSite\",\"@id\":\"https:\/\/www.musee-filature.com\/site\/#website\",\"url\":\"https:\/\/www.musee-filature.com\/site\/\",\"name\":\"Musee Filature\",\"description\":\"Les m\u00e9tiers de la laine\",\"potentialAction\":[{\"@type\":\"SearchAction\",\"target\":{\"@type\":\"EntryPoint\",\"urlTemplate\":\"https:\/\/www.musee-filature.com\/site\/?s={search_term_string}\"},\"query-input\":{\"@type\":\"PropertyValueSpecification\",\"valueRequired\":true,\"valueName\":\"search_term_string\"}}],\"inLanguage\":\"fr-FR\"}]}<\/script>\n<!-- \/ Yoast SEO plugin. -->","yoast_head_json":{"title":"Jacob card\u00e9e n\u00b008 - Musee Filature","robots":{"index":"index","follow":"follow","max-snippet":"max-snippet:-1","max-image-preview":"max-image-preview:large","max-video-preview":"max-video-preview:-1"},"canonical":"https:\/\/www.musee-filature.com\/site\/shop\/jacob-cardee-n8\/","og_locale":"fr_FR","og_type":"article","og_title":"Jacob card\u00e9e n\u00b008 - Musee Filature","og_description":"Laine rustique multicolore de brebis jacob sur des tons \u00e9meraudes. &nbsp; &nbsp; Qualit\u00e9s au feutrage : Facile \u00e0 travailler. Le rendu est souple m\u00eame si le feutre est pouss\u00e9 au bout. Le feutre obtenu poss\u00e8de un l\u00e9ger rendu cr\u00eapu ondul\u00e9 qui lui donne un certain charme, il est relativement doux mais peut \u201cgratter\u201d les peaux... Read more &raquo;","og_url":"https:\/\/www.musee-filature.com\/site\/shop\/jacob-cardee-n8\/","og_site_name":"Musee Filature","article_modified_time":"2025-12-07T19:06:49+00:00","og_image":[{"width":640,"height":480,"url":"https:\/\/www.musee-filature.com\/site\/wp-content\/uploads\/2025\/04\/jacob-08-3.jpg","type":"image\/jpeg"}],"twitter_card":"summary_large_image","twitter_misc":{"Dur\u00e9e de lecture estim\u00e9e":"1 minute"},"schema":{"@context":"https:\/\/schema.org","@graph":[{"@type":"WebPage","@id":"https:\/\/www.musee-filature.com\/site\/shop\/jacob-cardee-n8\/","url":"https:\/\/www.musee-filature.com\/site\/shop\/jacob-cardee-n8\/","name":"Jacob card\u00e9e n\u00b008 - Musee Filature","isPartOf":{"@id":"https:\/\/www.musee-filature.com\/site\/#website"},"primaryImageOfPage":{"@id":"https:\/\/www.musee-filature.com\/site\/shop\/jacob-cardee-n8\/#primaryimage"},"image":{"@id":"https:\/\/www.musee-filature.com\/site\/shop\/jacob-cardee-n8\/#primaryimage"},"thumbnailUrl":"https:\/\/www.musee-filature.com\/site\/wp-content\/uploads\/2025\/04\/jacob-08-3.jpg","datePublished":"2025-04-13T10:32:45+00:00","dateModified":"2025-12-07T19:06:49+00:00","breadcrumb":{"@id":"https:\/\/www.musee-filature.com\/site\/shop\/jacob-cardee-n8\/#breadcrumb"},"inLanguage":"fr-FR","potentialAction":[{"@type":"ReadAction","target":["https:\/\/www.musee-filature.com\/site\/shop\/jacob-cardee-n8\/"]}]},{"@type":"ImageObject","inLanguage":"fr-FR","@id":"https:\/\/www.musee-filature.com\/site\/shop\/jacob-cardee-n8\/#primaryimage","url":"https:\/\/www.musee-filature.com\/site\/wp-content\/uploads\/2025\/04\/jacob-08-3.jpg","contentUrl":"https:\/\/www.musee-filature.com\/site\/wp-content\/uploads\/2025\/04\/jacob-08-3.jpg","width":640,"height":480},{"@type":"BreadcrumbList","@id":"https:\/\/www.musee-filature.com\/site\/shop\/jacob-cardee-n8\/#breadcrumb","itemListElement":[{"@type":"ListItem","position":1,"name":"Accueil","item":"https:\/\/www.musee-filature.com\/site\/"},{"@type":"ListItem","position":2,"name":"Boutique de vente de laine","item":"https:\/\/www.musee-filature.com\/site\/"},{"@type":"ListItem","position":3,"name":"Jacob card\u00e9e n\u00b008"}]},{"@type":"WebSite","@id":"https:\/\/www.musee-filature.com\/site\/#website","url":"https:\/\/www.musee-filature.com\/site\/","name":"Musee Filature","description":"Les m\u00e9tiers de la laine","potentialAction":[{"@type":"SearchAction","target":{"@type":"EntryPoint","urlTemplate":"https:\/\/www.musee-filature.com\/site\/?s={search_term_string}"},"query-input":{"@type":"PropertyValueSpecification","valueRequired":true,"valueName":"search_term_string"}}],"inLanguage":"fr-FR"}]}},"jetpack_publicize_connections":[],"jetpack_sharing_enabled":true,"_links":{"self":[{"href":"https:\/\/www.musee-filature.com\/site\/wp-json\/wp\/v2\/product\/18106","targetHints":{"allow":["GET"]}}],"collection":[{"href":"https:\/\/www.musee-filature.com\/site\/wp-json\/wp\/v2\/product"}],"about":[{"href":"https:\/\/www.musee-filature.com\/site\/wp-json\/wp\/v2\/types\/product"}],"wp:featuredmedia":[{"embeddable":true,"href":"https:\/\/www.musee-filature.com\/site\/wp-json\/wp\/v2\/media\/18110"}],"wp:attachment":[{"href":"https:\/\/www.musee-filature.com\/site\/wp-json\/wp\/v2\/media?parent=18106"}],"wp:term":[{"taxonomy":"product_brand","embeddable":true,"href":"https:\/\/www.musee-filature.com\/site\/wp-json\/wp\/v2\/product_brand?post=18106"},{"taxonomy":"product_cat","embeddable":true,"href":"https:\/\/www.musee-filature.com\/site\/wp-json\/wp\/v2\/product_cat?post=18106"},{"taxonomy":"product_tag","embeddable":true,"href":"https:\/\/www.musee-filature.com\/site\/wp-json\/wp\/v2\/product_tag?post=18106"}],"curies":[{"name":"wp","href":"https:\/\/api.w.org\/{rel}","templated":true}]}}